
5
(8 - 18) + -2 + 11
-1
Evaluate 25 + -29 - (-4 + 0).
0
What is 3 - 2 - 3 - (24 + -19)?
-7
(-2 - -4) + 0 + (8 - 13)
-3
3 + -1 - 5 - (-20 + 27)
-10
Evaluate 6 - (0 + 5) - 0.
1
Calculate 3 + (0 - (3 - 0 - 0)).
0
What is the value of 0 - -6 - (31 - 30)?
5
1 - (1 + -2) - -3
5
Evaluate (68 - 67) + -8 + 2.
-5
Evaluate 1 + -1 - -5 - (-2 - -5).
2
Calculate -3 + (-2 - (-2 - 0)) - 2.
-5
What is -7 + 11 + -2 + 1?
3
What is (2 - 5) + -2 + 7?
2
What is -5 - (-5 - 0) - (1 + -5)?
4
What is -3 + 1 - (-6 - (-14 - -7))?
-3
What is (5 - 11 - 0) + 6?
0
What is 2 - (1 + -1 - 3)?
5
-12 - -6 - -6 - (-2 + -2)
4
Calculate 8 - 12 - (4 + -8).
0
What is 1 - 8 - (10 + (-15 - 0))?
-2
What is (-1 - (1 - 1)) + (3 - 6)?
-4
What is (4 - (2 + 3 + -8)) + -2?
5
Evaluate (0 - 0) + -14 + 13.
-1
What is the value of -5 - -12 - (1 + 10)?
-4
What is the value of -14 - (-14 + (1 - -5))?
-6
What is the value of -1 + (7 - (8 - 2 - 7))?
7
What is the value of 7 + 9 + -6 + -8?
2
-10 + -8 + 12 + 2
-4
Calculate 17 + -2 + -12 - (4 + 1).
-2
(2 - (-3 + (-11 - -4))) + -3
9
-7 - (8 - 6) - -3
-6
What is the value of (-22 - -18) + 11 - (0 - -2)?
5
Evaluate 3 - (-4 - -6) - (-2 - -2).
1
-2 + (-1 + 5 - 4) + 5
3
Evaluate 4 + 6 + -5 + 3 + -2.
6
What is -10 - -12 - (-1 - 1)?
4
Calculate 2 + -2 - (3 - 0).
-3
What is -31 + 26 - (1 - 4 - -3)?
-5
Evaluate 4 + (-2 - (-1 + -1) - -1).
5
Evaluate (4 - (7 + 3 - 6)) + -6.
-6
Calculate (2 - 5) + -3 + (-1 - -4).
-3
What is the value of -1 + -3 - (-8 - -8) - -6?
2
Evaluate 1 + (4 - (-10 + 11)).
4
What is the value of 4 - 0 - (1 + -2)?
5
What is the value of 5 + -1 + -4 - -2?
2
What is 1 + -10 + 13 + 1?
5
(7 + -2 - (4 - 1)) + -3
-1
What is the value of 3 + 8 + -9 + (12 - 5)?
9
Calculate (-3 + -7 - -13) + -1.
2
What is the value of -8 + (9 - -12) - (-1 + 4)?
10
Calculate (6 - (8 - 0 - 1)) + -7.
-8
2 - (-6 + -1 - -4)
5
Evaluate 4 - 4 - 0 - 6.
-6
What is 4 - (6 + -5) - (0 + -1)?
4
What is 2 - 9 - (4 - 13)?
2
Evaluate 4 + (2 - (-10 - -21)).
-5
Calculate -4 + (0 + -2 + -2 - -4).
-4
Calculate -8 + (-6 - -5 - -8).
-1
Calculate (1 - 0) + (-1 - 1) + 3.
2
What is 10 + 0 - (-180 + 194)?
-4
What is (2 - (-5 - -4)) + 1?
4
Calculate 5 - 1 - (12 + 6 + -8).
-6
What is the value of (-17 - -14) + (1 - 0) - -2?
0
-6 + (1 - 2) - (110 + -110)
-7
3 + 0 - (-1 - -3) - -3
4
What is the value of (-2 - -2 - 2) + (18 - 15)?
1
Evaluate -3 - (-13 - -6) - 10.
-6
Calculate -6 + 18 + 2 - 8.
6
What is the value of 2 - 3 - (3 + -7)?
3
2 - (0 + 3 - (6 - 2))
3
Evaluate 1 - -1 - (147 + -140).
-5
Calculate (-1 + 2 - (-19 - -22)) + 2.
0
(4 - (14 + -4)) + 13
7
Evaluate -7 - (-7 - (-4 + 4)).
0
-11 + 0 - (-139 + 125)
3
What is -9 + 4 + 0 + (16 - 5)?
6
Evaluate (0 - -8 - 4) + 1 - 11.
-6
Calculate 1 - (12 - 8 - 7).
4
Calculate -10 + 12 + 3 + (-8 - -1).
-2
Calculate 0 + (3 - 0) + -7.
-4
What is -3 + -2 + 5 - (-3 - -1)?
2
What is 1 - (3 + -2 + -2)?
2
What is the value of -1 - (-11 + 11 + -5)?
4
Calculate -2 - 0 - (-2 - -1 - 2).
1
Calculate -3 - -1 - ((6 - 27) + 17).
2
5 + -1 + -5 - 3
-4
Evaluate -4 - 0 - (7 + -13 - -3).
-1
-3 + (19 - 12) + 2 + -8
-2
What is 2 + -1 - (-18 + 16)?
3
Calculate -2 - (-4 - (0 + -1) - 4).
5
What is -3 + 2 + -3 + 5?
1
8 + (0 - 4 - -2) - 1
5
What is the value of (-2 - (6 + -14 + 4)) + -1?
1
What is the value of -2 + 0 - (9 + -9)?
-2
What is the value of -4 + 13 + (-4 - 1)?
4
1 - 0 - (-8 + -8 - -12)
5
-2 + (1 - 1 - 0 - 0)
-2
(1 - (1 - -1)) + (-7 - -5)
-3
-5 - 0 - 0 - -3
-2
What is the value of -10 + 6 + 1 + 0?
-3
What is the value of (-3 - (-3 + 2)) + -4?
-6
(7 - (1 - 0)) + (-11 - -8)
3
What is the value of -7 + (5 - 5) + 11?
4
Evaluate (-6 - -2) + (-4 - -1).
-7
Calculate (8 + -4 - 0) + (0 - -2).
6
What is (-1 - -2) + 5 - (1 - -7)?
-2
What is the value of 2 + -1 + 10 + -11?
0
What is 5 + -12 - (1 + -5 + 0)?
-3
What is the value of (-3 - 5) + (-3 - -5 - -1)?
-5
Calculate 3 - 0 - (1 + 1 - 1).
2
What is the value of (1 - 0) + -4 + -3 + 1?
-5
Evaluate 1 + (24 - 25 - (1 + 0)).
-1
Evaluate 5 - (4 - (-3 + 4)).
2
What is -4 + -1 + 4 + -3 + 2?
-2
Calculate 21 - 23 - (-5 - 0).
3
(-2 - 2) + -3 + 11
4
Calculate (1 - 2) + 4 - 10.
-7
Calculate 2 + (0 + 3 - (2 + 0)).
3
Calculate 3 + 1 + -11 + 8.
1
What is the value of 1 + 1 + -5 + 4?
1
Calculate 13 - (-2 - 1 - -10) - 12.
-6
Calculate (9 + 1 - (-1 - -4)) + -3.
4
What is the value of 2 - (8 + (13 - 13))?
-6
Calculate (4 + -4 - 2) + 1.
-1
What is the value of -5 - -10 - 15 - -6?
-4
Evaluate 2 - (2 + (-3 - -5) - 1).
-1
What is the value of 1 + 4 + -8 + 6 + -9?
-6
What is the value of 1 + (-8 - -5) + -2?
-4
6 - 3 - -8 - 11
0
What is 7 + -5 + (-5 - -2 - -5)?
4
0 + -2 + 6 - (-1 - -12)
-7
What is the value of -4 + 1 + -3 + (11 - 4)?
1
Evaluate -10 + 1 - (7 + 2 - 14).
-4
(10 - (7 + 1)) + 3 + -2
3
What is 9 + -12 + (14 - 8)?
3
What is the value of -12 + 5 + 5 - 1?
-3
What is the value of -8 + 21 + -8 + (-1 - 10)?
-6
What is the value of (1 - 1) + (-5 - (8 + -10))?
-3
What is the value of (4 + -5 - 8) + 9?
0
Evaluate -1 + -2 + (-2 + 4 - -6).
5
What is the value of -3 - 3 - (23 - 27)?
-2
What is -3 + -6 + (-7 - -16)?
0
Calculate (6 - (-2 + 2)) + 1 - 6.
1
What is the value of 4 + -2 + (-4 + 2 - -1)?
1
Evaluate -1 - 1 - (-4 - 0).
2
What is the value of 0 + 1 + 2 + 1 + 0?
4
What is the value of -6 + 4 + (1 - -1) + 3?
3
What is the value of -4 + (0 - (0 - -2)) + 5?
-1
What is the value of 2 + (-2 - 3) - -1?
-2
What is the value of -3 + 7 + (-4 - -9) + -3?
6
What is 8 + -6 - (-2 - (-14 - 0))?
-10
What is (2 - 10) + (-20 - -24)?
-4
What is the value of (8 - (11 + -4)) + 2?
3
0 - (-9 - (-5 - -3))
7
Evaluate -1 + -3 + (1 - (-3 - -4)).
-4
Calculate 0 + 10 + 12 + -25 + 14.
11
Evaluate (-1 - 4) + 9 - 3.
1
What is the value of -4 + (4 - (7 + -7))?
0
What is the value of -3 - (-9 - (6 + -12))?
0
What is the value of -9 + 3 + 1 + 4?
-1
Evaluate 5 + (0 - 2) - (9 + -1).
-5
1 + -2 + -74 + 67 + 4
-4
What is 3 + (2 - (-3 - -3))?
5
(7 - (11 + -8)) + -2 + -2
0
Calculate (97 - 92) + 3 + 0 + -1.
7
Calculate -18 + (1 - -1) + 8.
-8
Evaluate -6 - (1 + -6 + 2) - -2.
-1
Calculate -10 - (-18 - (4 - 14)).
-2
What is the value of (4 + 3 - 13 - 3) + 2?
-7
-5 + 6 + 5 - (0 - -6)
0
What is the value of -3 + -1 + 13 + (5 - 16)?
-2
Calculate -8 + 1 + (-27 - -27).
-7
What is (-16 - -7 - -8) + -3?
-4
What is the value of 2 + 0 + (3 - 4) + -3?
-2
What is 8 + (4 + -3 - 3) + -1?
5
Evaluate 13 + (4 + -16 - 9).
-8
What is 0 - 2 - (-23 - -21)?
0
Evaluate -5 - (4 - (-1 - -7)).
-3
What is (4 - 2) + (0 - -2) + -1?
3
-2 + ((1 - -3) + 2 - -2)
6
What is -4 + (4 - (1 + 2))?
-3
4 + -6 + 4 - 1
1
4 + (0 - -5) + (-21 - -16)
4
6 - (-20 + 6 - -20)
0
What is the value of -1 + -7 + 23 + -16 + -3?
-4
(-1 + -2 - (-4 + -2)) + -4
-1
Evaluate -1 - (-3 + -4 - -3).
3
What is the value of 5 + -10 - -12 - (-1 - -1)?
7
What is -1 + -5 + 5 + 1?
0
Calculate 7 - 0 - (-46 - -43) - 1.
9
Calculate (1 - -4) + -2 - 2 - 6.
-5
Evaluate -11 + 16 + -12 + 0 + 1.
-6
Evaluate 36 + -33 + (1 - 1) + -2.
1
4 + 2 + -1 + -5
0
4 - ((3 - (1 + 0)) + 2)
0
What is 1 + (8 - (-3 + -1 - -8))?
5
What is 6 + -4 + -1 + 3?
4
5 - 14 - (-3 + -2)
-4
1 + 0 + -7 + 3
-3
What is the value of 2 + 2 + (-5 - 0)?
-1
What is -9 - (-5 - -8 - 7)?
-5
What is -12 + 5 + (2 - 1)?
-6
Calculate -84 + 84 - (1 + (-2 - -8)).
-7
What is -3 + (14 - 7) + -8?
-4
Evaluate -7 - (-15 + 6 + -4).
6
What is the value of -9 + (0 - -3) - (-9 - -2)?
1
-9 + -5 + 21 + -7
0
What is -4 + 8 + -6 + 1 - -6?
5
What is (-7 - (-5 - -3)) + -6 + 7?
-4
What is -4 + 11 + -5 + (-2 - 1)?
-1
What is 4 + -1 + -5 + 5 + -3?
0
What is 9 - 1 - (24 - 17)?
1
Calculate 3 - (-1 + -2 + 5 + -1).
2
What is the value of -7 - (-12 + 13 - 12)?
4
Evaluate 5 + -2 - (-14 - -13).
4
(-62 - -60) + -1 + 3
0
What is (-2 - 2) + (7 - 6)?
-3
Evaluate 1 + (-3 - 1 - 0).
-3
What is 9 + -2 + 1 - 15?
-7
2 - 3 - (-5 + 5 + -1)
0
What is (-22 - -34) + (8 - 19)?
1
(-1 - -5) + -2 + -7
-5
Calculate (2 - (-2 - -7) - 2) + 4.
-1
What is 0 - (3 - 6 - (-4 + 3))?
2
14 + 0 - (33 + -19)
0
Calculate 3 - ((-10 - -6) + 11).
-4
3 + (-5 - (7 - 5))
-4
What is -6 - ((-5 - -8) + -10)?
1
Evaluate (0 - -1) + (2 - (-4 + 6)).
1
2 + -4 + 0 + -3 + 7
2
Evaluate 9 + -16 - (2 - (-1 + 6)).
-4
4 + (-6 - 3 - -12)
7
(3 - 3) + -2 + -5
-7
Evaluate -3 + 9 + -2 - (2 - 0).
2
Calculate 2 - (2 - (0 + (1 - 4))).
-3
Calculate -5 - (2 - (-3 - -13)).
3
-3 + 9 + (-10 - (-14 - -7))
3
What is